p(g)?
7
Let f be -3*((-32)/(-12))/(-4). Suppose -f*o - 6 = -0*o. Let n = o + 16. What is the tens digit of n?
1
Let g be (-2)/11 - (-57)/11. Suppose g*q = 10*q - 175. Suppose 2*k + w + 15 - q = 0, 0 = w + 4. What is the units digit of k?
2
What is the hundreds digit of ((-1)/(-3))/(5/5865)?
3
Suppose -h + 2*h + 3 = 0. Let d(t) = -t - 3. Let c be d(h). Suppose -2*o = -3 - 3, c = 4*r - 3*o - 195. What is the units digit of r?
1
Suppose 3*s - 13 = -5*h + 16, -2*h + 10 = 2*s. Suppose 4*l + h*l - 990 = 0. What is the tens digit of l?
9
Suppose 5*n - d - 17 = 0, -4*n + 7 = -d - 7. Suppose 4*v = n*t + 216, -v + 53 = -0*v - t. Let k = -20 + v. What is the tens digit of k?
3
Let n = 1219 + -116. What is the tens digit of n?
0
Suppose 99 = -4*v - p + 451, 3*p = -2*v + 166. What is the tens digit of v?
8
Suppose 3*h - r + 3*r - 882 = 0, 0 = 2*h + 5*r - 577. Suppose -568 = -2*f - 2*l, 0 = -f - 3*l - l + h. What is the tens digit of f?
8
Suppose -3*v + 6*v - 353 = -4*t, -2*t = -v - 169. Suppose -2*g + 3*j = 7*j - t, -243 = -5*g + 4*j. What is the units digit of g?
7
Suppose y + 4*y - 30 = 0. What is the tens digit of y/33 + 2535/33?
7
Let x(u) = -u**2 - 8*u + 4. Let l be x(-8). Let t = 1 + l. Suppose 6*o - 37 = t*o. What is the units digit of o?
7
Suppose 2*x = 5*v - 11, -4*v = 5*x - 19 - 3. Suppose -5*t = -x*t + 27. Let r(a) = -a**2 - 17*a - 10. What is the tens digit of r(t)?
6
Suppose -4870 = -5*r - 3*c, -974 = -0*r - r - 3*c. What is the tens digit of r?
7
Suppose -6026 = -3*m - 5*n, 4*m - 5*n - 5159 = 2899. What is the units digit of m?
2
Suppose 0 = 3*q + 5*s + 51, -4*q - 3*s - 68 = -s. Let v = 27 - q. What is the units digit of v?
4
Suppose 2*d + 10 = 0, 3*x - 7*x - 3*d + 3673 = 0. What is the hundreds digit of x?
9
Suppose -2*v = -4*v - 3*i - 9, i = -4*v - 3. Let h(d) = -6*d + 20. Let f be h(-4). Suppose f = 2*b - v*q + q, -76 = -4*b + q. What is the tens digit of b?
2
Let d(i) = 65*i**3 - i**2. Let j = -4 + 5. What is the tens digit of d(j)?
6
Let l(n) = 477*n**2 + 2*n - 2. Let z be l(1). Suppose 5*d - z = 2*d + h, 5*d - 795 = -2*h. What is the tens digit of d?
5
Suppose -5*p - 3*d = -6362, 14*d - 1278 = -p + 12*d. What is the tens digit of p?
7
Let q(y) = -497*y - 618. What is the thousands digit of q(-7)?
2
Suppose -11 = -4*k + u, 2*k + 3*k + 2*u - 4 = 0. What is the hundreds digit of 12/(((-4)/(-68))/(k/4))?
1
Suppose 0 = 8*j - 15655 - 1401. What is the hundreds digit of j?
1
Suppose 0 = -5*t - 5*m + 2910, -13*m + 15*m - 2338 = -4*t. What is the units digit of t?
7
Suppose -2*u = 2*r - 18, -5*u = -5*r + 6 - 1. Suppose -2*p - 4*h + 79 = h, -u*p + 213 = -h. What is the tens digit of p?
5
Suppose -4*q - 3*i + 12661 = -1613, 0 = 2*i + 4. What is the hundreds digit of q?
5
Let k = 258 + 1502. What is the hundreds digit of k?
7
Let g = 3220 + -1794. What is the thousands digit of g?
1
Suppose 2*t + 640 = 4*p, 0*t + t - 324 = -2*p. Let l = -106 + p. What is the units digit of l?
5
Let z = -23 + 26. Suppose 2*o = -z*x + 77, 4*o - 2*o + 4 = 0. What is the units digit of x?
7
Let g be (5/(-4))/(1/(-32)). Let y = g + -16. Suppose 3*l + a = -a + 24, 3*l - y = -3*a. What is the units digit of l?
8
Let d = 0 + 7. Let w = 25 - d. What is the tens digit of w?
1
Let f(p) = p**3 - 3*p**2 + 2*p. Let t be f(3). Suppose t = d + 4. Suppose 5*a = -d*k + 31 + 32, 12 = -4*a. What is the units digit of k?
9
Let w = -85 - -530. What is the units digit of w?
5
Suppose -5*z + 7845 = g, -g - 2*z - 23569 = -4*g. What is the hundreds digit of g/35 - 4/(-7)?
2
Suppose -4*b = -4*c + 1648, c = -0*c - 4*b + 417. What is the tens digit of c?
1
Suppose -2*l = 5*s - 997, l + 0*l + 2*s = 501. What is the hundreds digit of l?
5
What is the hundreds digit of 1/((-4)/(-4)) - -443?
4
Suppose 0 = -2*j - 4*c + 338, 4*j - 158 = 4*c + 494. What is the units digit of j?
5
Let v(d) = -d**3 - 3*d**2 + 2*d + 6. Let a be v(-3). Suppose a = -4*j + 110 - 14. What is the units digit of j?
4
Let y(z) = 0 + 41*z**2 + 3 - 4 + 4*z**2. Let b be y(1). What is the tens digit of (4*b/8)/1?
2
Suppose 0 = -5*j + 2*v + 3736 + 3103, -4*j + 4*v = -5476. What is the tens digit of j?
6
Let z(u) = -142*u + 301. What is the tens digit of z(-18)?
5
Let u be 1/((0 + 5)/70). What is the units digit of u*(5 + (2 - 3))?
6
Let a(o) = -2*o + 7. Let r be a(5). Let v(x) = -2*x**2 - x - 5. Let g(m) = 4*m**2 + 2*m + 11. Let n(l) = -4*g(l) - 9*v(l). What is the tens digit of n(r)?
1
Suppose x = -1, -f + 3*x + 1053 = 2*f. What is the units digit of f?
0
Let m(n) = 26*n**2 - 50*n + 57. What is the units digit of m(13)?
1
Suppose -v = -4*v + 15, 0 = 4*k + 5*v - 37. Suppose -3*n - 4*g - 3 + 17 = 0, -k*n + g = -4. Let r(y) = 2*y**3 - y**2 + 3*y - 2. What is the tens digit of r(n)?
1
Let d(q) = 0 + q**2 + 2*q + 8*q - q - 7. Let t be d(-11). Suppose t - 5 = k. What is the tens digit of k?
1
Let l(g) = -g + 8. Let k be l(5). Let j = 953 - 713. Suppose k*a + 4*o - 181 = 0, -5*o + j = -2*a + 6*a. What is the tens digit of a?
5
Let z(v) = 2*v - 8. Let m be z(6). Let c be (-12)/(m - 7) - 2. Suppose c*j - 16 = -f, f + 4*j = -3*f + 44. What is the units digit of f?
6
Let z = -32 + 26. Let i = z - -48. What is the tens digit of i?
4
Let u(v) = -v**3 - 146. What is the units digit of u(-9)?
3
Let k(m) be the second derivative of -4*m + 0 + 5/6*m**3 - 2*m**2. What is the tens digit of k(8)?
3
Let x(d) = 3*d - 3. Let c(m) = 2*m**2 - 4*m - 1. Let a be c(3). What is the tens digit of x(a)?
1
Let i = 521 - 357. Suppose -3*p = p - i. Let f = 73 - p. What is the units digit of f?
2
Suppose o - 2 - 2 = 0. Suppose 9*t - o*t = 15. Suppose t*b = -2*q + 122, -b - 24 + 65 = q. What is the tens digit of b?
4
Suppose -465*s + 469*s = 6936. What is the tens digit of s?
3
Let v(a) = -103*a - 194. What is the tens digit of v(-39)?
2
Suppose 5*z = -5*z. Suppose -79 = -2*i - 3*c + 174, z = -3*c + 9. What is the hundreds digit of i?
1
Suppose -3 = g, -5*g - 12 = 2*f - 3. Let h(u) = 37*u + 5. What is the hundreds digit of h(f)?
1
Let g(n) = 2*n**2 + 7*n + 6. Let m be 4 + -3 - 0 - 6. What is the tens digit of g(m)?
2
Suppose -g + b + 45 = 0, 5*b - b + 138 = 3*g. Suppose 4*j + 0*v + 2*v = g, 5*j - 45 = -4*v. Let c = j - -18. What is the tens digit of c?
3
Let j = 69 - -306. What is the hundreds digit of j?
3
Suppose 5*a - 173 = -q, -2*a - 6*q = -q - 83. Suppose 3*o + 4*z - 19 - a = 0, 0 = -4*o + z + 39. Suppose 6*g = o*g - 125. What is the units digit of g?
5
Let c(k) = 3*k**2 - 15*k + 25. Let y be c(-12). Suppose 0 = s - 4*i + 9*i - 302, i = 2*s - y. What is the units digit of s?
7
Let a(v) = -3*v - 1314*v**3 + 1313*v**3 - v**2 + 8*v**2. Suppose 0 = 4*j - 7*j + 12. What is the units digit of a(j)?
6
What is the tens digit of ((-84)/10)/(((-27)/480)/3)?
4
Let u(i) = -i - 12. Let o be u(-5). What is the tens digit of (-2)/o + 996/42?
2
Let j = 21 - 33. Let w(k) = 2*k**2 - 7*k - 10. Let a be w(7). Let t = a + j. What is the tens digit of t?
2
Suppose 0 = -4*a + 5 - 17. Let x(u) = u**3 + 5*u**2 - 3*u - 4. What is the tens digit of x(a)?
2
Suppose 11*z - 9493 = -0*z. Suppose 0 = -4*d - 147 + z. What is the tens digit of d?
7
Let n(v) = v**3 - v. Let c(p) = -4*p**3 + p + 4*p**2 + 4*p + 3*p. Let m(k) = c(k) + 3*n(k). What is the tens digit of m(4)?
2
Let c be 53 - ((-4)/(-2) + -2). Let y = -25 + c. Suppose 62 + y = 5*f. What is the units digit of f?
8
Let u(v) = -v**2 - 12*v + 3. Suppose -3*f - 27 = -3*o, -o + 4 = o. Let d be u(f). Suppose 2*r + 0*t - 4*t = d, 3*r - t - 82 = 0. What is the tens digit of r?
2
Suppose -5*p + 5*q - 26 - 9 = 0, -2*p - 10 = 2*q. Let t(m) = -m**2 - 9*m - 4. Let z be t(p). Suppose z*i - 15*i = -59. What is the units digit of i?
9
What is the hundreds digit of -1*695/(5/(-1))?
1
What is the tens digit of 20293/26*(-24)/(-21)?
9
Let c = 52 + -53. What is the tens digit of (-4)/6 - c - (-2352)/72?
3
Let m(y) = -y**3 - 7*y**2 - 2*y + 7. Let x be m(-6). Let b = x - -18. What is the units digit of b?
1
Suppose -2282 = -3*a - 4*s, 2*a = 8*s - 3*s + 1506. What is the hundreds digit of a?
7
Let v(b) = -b**2 - 25*b - 38. Let f be v(-23). Suppose -3*w = 5*m - f*w - 695, -2*m = 3*w - 298. What is the units digit of m?
3
Let u = -10 + 16. Let a(y) = 4*y**3 + 3*y**3 + 2 - 7*y + 0*y**3 + u*y**2 - 6*y**3. What is the units digit of a(-7)?
2
Let l = -667 + 1